
123
Calculate the remainder when 123070 is divided by 9452.
194
What is the remainder when 1076262 is divided by 56?
54
Calculate the remainder when 42655 is divided by 42.
25
What is the remainder when 33865 is divided by 116?
109
Calculate the remainder when 4517 is divided by 444.
77
Calculate the remainder when 29205 is divided by 1944.
45
What is the remainder when 2027771 is divided by 11?
9
Calculate the remainder when 5518 is divided by 203.
37
What is the remainder when 294 is divided by 284?
10
Calculate the remainder when 74668 is divided by 131.
129
Calculate the remainder when 62390 is divided by 78.
68
What is the remainder when 41240 is divided by 113?
108
Calculate the remainder when 1903 is divided by 34.
33
Calculate the remainder when 1855761 is divided by 232.
225
What is the remainder when 4463 is divided by 138?
47
Calculate the remainder when 413013 is divided by 731.
729
What is the remainder when 7882 is divided by 683?
369
Calculate the remainder when 203983 is divided by 836.
835
What is the remainder when 112090 is divided by 37352?
34
Calculate the remainder when 89217 is divided by 141.
105
What is the remainder when 902 is divided by 97?
29
Calculate the remainder when 7652 is divided by 17.
2
What is the remainder when 22961 is divided by 178?
177
What is the remainder when 119263 is divided by 138?
31
Calculate the remainder when 38651 is divided by 489.
20
Calculate the remainder when 5841 is divided by 97.
21
What is the remainder when 152608 is divided by 2180?
8
What is the remainder when 401026 is divided by 72?
58
What is the remainder when 215 is divided by 44?
39
What is the remainder when 8964 is divided by 144?
36
Calculate the remainder when 14298 is divided by 622.
614
What is the remainder when 25693 is divided by 303?
241
What is the remainder when 4116 is divided by 2055?
6
Calculate the remainder when 180889 is divided by 180872.
17
What is the remainder when 22711 is divided by 79?
38
What is the remainder when 259502 is divided by 112?
110
What is the remainder when 23886 is divided by 206?
196
What is the remainder when 187108 is divided by 62361?
25
What is the remainder when 28186 is divided by 162?
160
What is the remainder when 16372 is divided by 40?
12
What is the remainder when 1026 is divided by 128?
2
What is the remainder when 284041 is divided by 2367?
1
What is the remainder when 9867 is divided by 1129?
835
What is the remainder when 1061 is divided by 1044?
17
What is the remainder when 89004 is divided by 466?
464
What is the remainder when 1494 is divided by 303?
282
What is the remainder when 156979 is divided by 67?
65
Calculate the remainder when 36707 is divided by 276.
275
What is the remainder when 446 is divided by 160?
126
What is the remainder when 1035844 is divided by 667?
660
Calculate the remainder when 22385 is divided by 726.
605
Calculate the remainder when 376263 is divided by 284.
247
Calculate the remainder when 70571 is divided by 569.
15
Calculate the remainder when 450493 is divided by 64.
61
Calculate the remainder when 14401 is divided by 4798.
7
Calculate the remainder when 52080 is divided by 3471.
15
Calculate the remainder when 2358 is divided by 2285.
73
What is the remainder when 10758 is divided by 316?
14
What is the remainder when 101897 is divided by 306?
305
Calculate the remainder when 41303 is divided by 18.
11
Calculate the remainder when 543095 is divided by 152.
151
What is the remainder when 102898 is divided by 880?
818
Calculate the remainder when 278763 is divided by 439.
437
What is the remainder when 818356 is divided by 164?
160
What is the remainder when 6038394 is divided by 32?
26
What is the remainder when 423742 is divided by 717?
712
Calculate the remainder when 3857 is divided by 383.
27
What is the remainder when 31647 is divided by 45?
12
What is the remainder when 86873 is divided by 148?
145
Calculate the remainder when 10995 is divided by 444.
339
What is the remainder when 99447 is divided by 18?
15
Calculate the remainder when 5418 is divided by 20.
18
What is the remainder when 245928 is divided by 83?
82
What is the remainder when 1530 is divided by 864?
666
What is the remainder when 254536 is divided by 14?
2
What is the remainder when 65804 is divided by 32898?
8
Calculate the remainder when 14507 is divided by 14495.
12
What is the remainder when 24951 is divided by 155?
151
What is the remainder when 124275 is divided by 42?
39
What is the remainder when 4925 is divided by 1825?
1275
Calculate the remainder when 544 is divided by 31.
17
What is the remainder when 97307 is divided by 5?
2
Calculate the remainder when 6088 is divided by 14.
12
Calculate the remainder when 86714 is divided by 41.
40
Calculate the remainder when 30619 is divided by 10191.
46
Calculate the remainder when 2948 is divided by 33.
11
Calculate the remainder when 629 is divided by 606.
23
What is the remainder when 31157 is divided by 87?
11
What is the remainder when 2220 is divided by 364?
36
Calculate the remainder when 2313 is divided by 860.
593
Calculate the remainder when 922752 is divided by 461374.
4
What is the remainder when 2146 is divided by 257?
90
What is the remainder when 6427 is divided by 536?
531
What is the remainder when 17942 is divided by 596?
62
What is the remainder when 2775 is divided by 44?
3
Calculate the remainder when 6844 is divided by 153.
112
What is the remainder when 23654 is divided by 23649?
5
Calculate the remainder when 2758 is divided by 23.
21
What is the remainder when 1983 is divided by 24?
15
What is the remainder when 8155 is divided by 343?
266
Calculate the remainder when 4028 is divided by 753.
263
What is the remainder when 1537 is divided by 745?
47
Calculate the remainder when 33938 is divided by 554.
144
Calculate the remainder when 724 is divided by 32.
20
What is the remainder when 3264 is divided by 76?
72
Calculate the remainder when 6063 is divided by 1737.
852
Calculate the remainder when 4091 is divided by 16.
11
Calculate the remainder when 2903 is divided by 354.
71
Calculate the remainder when 13280 is divided by 577.
9
What is the remainder when 10212 is divided by 5094?
24
What is the remainder when 338 is divided by 220?
118
Calculate the remainder when 7192 is divided by 1197.
10
Calculate the remainder when 22063 is divided by 10992.
79
What is the remainder when 43156 is divided by 4313?
26
Calculate the remainder when 25169 is divided by 30.
29
Calculate the remainder when 1063364 is divided by 3323.
4
Calculate the remainder when 2672 is divided by 453.
407
What is the remainder when 14377 is divided by 1221?
946
Calculate the remainder when 15320 is divided by 54.
38
Calculate the remainder when 100777 is divided by 66.
61
What is the remainder when 17363 is divided by 26?
21
Calculate the remainder when 1529 is divided by 50.
29
What is the remainder when 2447 is divided by 2346?
101
Calculate the remainder when 31719 is divided by 610.
609
What is the remainder when 769 is divided by 364?
41
What is the remainder when 221922 is divided by 15851?
8
Calculate the remainder when 19019 is divided by 302.
295
Calculate the remainder when 17912 is divided by 5970.
2
What is the remainder when 26283 is divided by 438?
3
Calculate the remainder when 6843 is divided by 769.
691
What is the remainder when 32381 is divided by 368?
365
Calculate the remainder when 45721 is divided by 284.
281
What is the remainder when 210527 is divided by 79?
71
Calculate the remainder when 11036 is divided by 283.
282
Calculate the remainder when 4831 is divided by 244.
195
Calculate the remainder when 2475 is divided by 109.
77
Calculate the remainder when 122125 is divided by 269.
268
What is the remainder when 9279 is divided by 8840?
439
What is the remainder when 106997 is divided by 149?
15
Calculate the remainder when 34757 is divided by 1286.
35
Calculate the remainder when 39630 is divided by 3300.
30
What is the remainder when 4790 is divided by 374?
302
Calculate the remainder when 3899 is divided by 651.
644
Calculate the remainder when 3965 is divided by 19.
13
Calculate the remainder when 38186 is divided by 2125.
2061
What is the remainder when 13029766 is divided by 3